sor of 110 and 5856895?
55
Calculate the highest common factor of 18983 and 41.
41
What is the greatest common factor of 9 and 712269?
9
What is the greatest common divisor of 14513 and 46?
23
What is the highest common factor of 419832 and 2632?
56
What is the greatest common divisor of 2291232 and 384?
96
What is the greatest common factor of 133798 and 826?
14
Calculate the greatest common divisor of 1 and 41.
1
Calculate the greatest common factor of 32 and 889456.
16
Calculate the greatest common divisor of 249269 and 407.
37
What is the highest common divisor of 4806 and 54?
54
Calculate the greatest common factor of 848 and 13713856.
848
Calculate the greatest common factor of 261381 and 41544.
1731
Calculate the highest common divisor of 1328 and 4399.
83
Calculate the greatest common divisor of 8458254 and 6.
6
Calculate the greatest common divisor of 77254 and 2166.
722
What is the greatest common divisor of 22 and 615637?
11
What is the highest common factor of 135 and 83565?
135
Calculate the highest common factor of 6642 and 1620.
162
Calculate the greatest common factor of 562365 and 30.
15
Calculate the greatest common divisor of 147 and 1457113.
49
What is the greatest common divisor of 991667 and 2337?
779
Calculate the highest common factor of 15 and 448710.
15
Calculate the highest common factor of 33 and 3.
3
What is the greatest common divisor of 7661 and 611?
47
What is the highest common divisor of 51775 and 1425?
475
Calculate the greatest common factor of 4955270 and 10.
10
What is the highest common factor of 144 and 20862?
18
Calculate the highest common factor of 211772 and 66.
22
What is the highest common divisor of 25289 and 15466?
209
What is the greatest common factor of 140 and 92995?
35
What is the greatest common factor of 520641 and 594?
297
What is the highest common factor of 140 and 12362?
14
Calculate the highest common divisor of 18193 and 1025136.
791
Calculate the highest common divisor of 3559305 and 15.
15
Calculate the greatest common divisor of 20 and 31688.
4
Calculate the highest common factor of 50796 and 249.
249
What is the highest common divisor of 5595 and 171207?
1119
Calculate the highest common divisor of 45 and 1934505.
45
What is the greatest common divisor of 61 and 653249?
61
What is the highest common factor of 1766 and 9675914?
1766
Calculate the highest common factor of 611 and 295113.
611
What is the highest common divisor of 134036 and 12?
4
What is the highest common divisor of 11326367 and 26?
13
What is the highest common divisor of 186 and 320757?
93
Calculate the highest common factor of 2464 and 5768.
56
What is the greatest common factor of 1 and 1237?
1
What is the greatest common factor of 31116 and 120?
12
What is the greatest common divisor of 55710 and 18?
18
Calculate the greatest common divisor of 936825 and 25.
25
What is the highest common divisor of 23832 and 5904?
72
What is the greatest common factor of 126 and 5820696?
126
What is the highest common factor of 605 and 126115?
55
What is the highest common factor of 568 and 2270012?
284
What is the greatest common divisor of 11 and 3329?
1
Calculate the greatest common divisor of 1 and 1161841.
1
What is the greatest common divisor of 3124 and 6556?
44
What is the highest common divisor of 69276 and 44988?
276
What is the highest common divisor of 37660 and 280?
140
Calculate the highest common factor of 7194 and 1417.
109
Calculate the greatest common divisor of 147445 and 592.
37
Calculate the highest common divisor of 822300 and 15.
15
What is the highest common divisor of 4544 and 1024?
64
Calculate the highest common divisor of 34 and 522.
2
What is the greatest common factor of 2 and 52198?
2
Calculate the greatest common factor of 4314 and 2760.
6
What is the greatest common divisor of 923576 and 544?
136
Calculate the greatest common factor of 186 and 384.
6
Calculate the greatest common factor of 33929 and 3367.
259
Calculate the greatest common divisor of 4824 and 456.
24
Calculate the highest common factor of 1725 and 83835.
345
What is the highest common factor of 32 and 1019488?
32
What is the highest common divisor of 36673 and 5983?
31
Calculate the greatest common factor of 328594 and 4802.
686
What is the greatest common factor of 2740 and 22440?
20
What is the highest common factor of 1078 and 30919?
49
What is the greatest common divisor of 1028675 and 2875?
575
What is the highest common factor of 13910 and 30?
10
What is the highest common divisor of 6578 and 2288?
286
Calculate the greatest common divisor of 16 and 23216.
16
What is the highest common factor of 147 and 678?
3
Calculate the highest common factor of 57 and 1347822.
57
What is the greatest common factor of 150857 and 322?
161
Calculate the greatest common divisor of 8 and 2541488.
8
What is the greatest common factor of 56650 and 286?
22
Calculate the greatest common factor of 12315 and 60.
15
Calculate the greatest common factor of 288 and 419208.
24
Calculate the greatest common factor of 16471 and 2457.
91
What is the highest common divisor of 19829 and 158?
79
What is the highest common divisor of 24308 and 4307?
59
Calculate the highest common divisor of 25323 and 897.
69
Calculate the highest common divisor of 473 and 2475209.
473
What is the highest common divisor of 3789 and 1684?
421
What is the highest common factor of 44 and 23683?
11
Calculate the greatest common divisor of 5544 and 224.
56
What is the greatest common divisor of 702873 and 522?
261
What is the highest common divisor of 3283 and 43708?
49
What is the greatest common divisor of 650 and 2280?
10
Calculate the greatest common factor of 6026 and 45326.
262
Calculate the greatest common divisor of 47072 and 1136.
16
Calculate the greatest common divisor of 42 and 220854.
6
Calculate the highest common divisor of 14992 and 4.
4
What is the greatest common divisor of 410628 and 2052?
228
What is the highest common factor of 2046 and 176?
22
What is the highest common divisor of 264 and 982168?
88
Calculate the greatest common divisor of 38320 and 560.
80
What is the highest common divisor of 1083 and 171?
57
What is the greatest common factor of 49148 and 5984?
44
What is the greatest common factor of 35262 and 54?
54
Calculate the greatest common factor of 1914 and 1111.
11
What is the greatest common divisor of 1333772 and 121?
11
Calculate the greatest common factor of 61760 and 560.
80
What is the highest common factor of 182 and 111790?
14
What is the greatest common divisor of 5047 and 15435?
49
What is the highest common divisor of 1464 and 7137?
183
Calculate the greatest common factor of 98 and 2284240.
14
What is the greatest common factor of 441978 and 570?
114
Calculate the greatest common divisor of 151320 and 485.
485
What is the greatest common divisor of 45 and 42205?
5
Calculate the greatest common factor of 4 and 2517.
1
What is the highest common divisor of 128305 and 3015?
335
Calculate the greatest common factor of 14904 and 3384.
72
Calculate the highest common divisor of 34340 and 1360.
340
What is the highest common factor of 9367 and 969?
323
Calculate the greatest common divisor of 185 and 129463.
37
What is the highest common divisor of 336428 and 3926?
302
What is the highest common divisor of 1236 and 2771421?
309
Calculate the highest common factor of 191835 and 540.
135
What is the highest common factor of 40 and 15620?
20
Calculate the highest common factor of 113 and 1226389.
113
Calculate the greatest common factor of 8250 and 286.
22
What is the greatest common factor of 1900 and 8?
4
Calculate the highest common factor of 104 and 43693.
13
What is the highest common divisor of 3402 and 1792?
14
Calculate the greatest common factor of 68688 and 32.
16
Calculate the highest common factor of 85 and 589390.
85
What is the highest common factor of 300 and 219225?
75
Calculate the highest common divisor of 1164 and 114654.
582
Calculate the highest common factor of 689920 and 16.
16
Calculate the highest common divisor of 129235 and 10.
5
What is the greatest common factor of 64 and 3170656?
32
Calculate the greatest common factor of 1024 and 3712.
128
What is the highest common factor of 6246 and 11104?
694
What is the